e (-8 - -14) + -5 + -2.
-1
Calculate -26 - (-44 - -21) - (21 + 4 - -1).
-29
Evaluate (218 - 167) + (-28 - 2).
21
What is the value of 11 - (-15 + (11 - -6))?
9
What is the value of -13 - (-13 - -7 - 4)?
-3
Calculate -118 - -134 - ((9 - -2) + -2).
7
What is (-13 + -8 + 14 - (2 - -20)) + 2?
-27
Calculate -1095 - -1089 - (-1 + -9).
4
What is 20 + (4 - 9) + 2?
17
What is the value of 11 - (1 + 9 + (8 - 14))?
7
-1 + 14 - (10 + 7 + -13)
9
What is the value of 11 + 2 + (519 - 514)?
18
Calculate 4 - (-13 - -10 - -14 - -9).
-16
What is the value of (-14 - (-16 - 1)) + (3 - -10)?
16
What is 6 + (-7 - (-4 + (10 - 3))) + -2?
-6
-29 - -2 - -19 - (1 - 0 - 3)
-6
Evaluate -16 + (-3 - -15) + (-7 - 0).
-11
Evaluate 1 + 4 + (-7 - (-6 + -6) - -3).
13
Calculate (11 - (-3 + -1 - -13)) + 3.
5
What is -4 - ((0 + (-1 - -8) - 10) + -5)?
4
What is (-314 - -382) + (-42 - -2)?
28
Calculate 18 + (-10 - -23) + (-12 - 0).
19
0 - (-15 + (14 - 2))
3
10 - (-1 - -16) - (0 + -11) - 3
3
Evaluate -114 + 115 + -7 - (1 + (-18 - -1)).
10
What is (0 - 0) + 110 + -109?
1
Evaluate 11 - (-17 - (21 - 78)).
-29
Calculate (58 - 39) + -6 + 3 + 2.
18
Evaluate -17 - (4 - (14 - -5)) - (14 + 1).
-17
(30 - 12) + 9 + (3 - -1)
31
What is (22 - (18 + -3)) + (1 - 7) - 6?
-5
What is the value of (-14 - 3) + 4 + -4 + 4?
-13
What is 6 + -7 - (-14 + -6 - -39)?
-20
What is the value of -2 + 20 - (-216 + 243)?
-9
What is the value of 5 - ((-8 - 0) + 5 + 10)?
-2
What is the value of (-6 - 39) + (21 - -52)?
28
What is -478 + 498 - (17 - 1)?
4
Calculate (163 - 153) + (-4 - (-33 - 4)) + -1.
42
What is -3 + 8 + 15 + -28 - (2 - -2)?
-12
Evaluate 0 + -2 + (-3 - -14) - (-18 - -16).
11
(-3 - -2) + 17 - 2
14
What is the value of 11 - 8 - (-19 - -17)?
5
Evaluate 18 + (3 - 4) + -132 + 122.
7
1 + -9 + -1 - -7 - 4
-6
Evaluate 8 - (3 + -6 + 19).
-8
Evaluate -7 - (23 - 34 - 6).
10
What is the value of -30 + -10 + 41 - 25?
-24
Calculate 8 - ((21 - 8) + -3).
-2
What is (17 - 9) + 8 + -8 - 7?
1
Evaluate -3 + (4 - (2 - -24)) - -9.
-16
Calculate 15 - (-15 - -7 - -2).
21
What is the value of 4 - (-11 + (26 + 10 - 4))?
-17
Calculate (14 - (-3 + 4)) + (-14 - (9 + -19)).
9
What is the value of -9 + 17 - (11 + -1 - -6 - 7)?
-1
What is (1 - 15 - (-232 + 227)) + 21?
12
-1 - ((-7 - (6 - 10)) + 12)
-10
Evaluate -19 + (-5 + -6 - -56) - (12 + -1).
15
8 + 4 + 8 + -7 + (-9 - -4)
8
Calculate 6 + ((-14 - -15) + 2 - (-15 - -2)).
22
What is the value of 6 - (9 + -4 - -4)?
-3
What is 185 + -175 - (7 + 1)?
2
(8 - (3 + -3 - 0)) + 0
8
What is the value of -4 + (7 - 2 - (3 + 6 + 2))?
-10
Evaluate (-9 - (-2 + 1) - -7) + -1.
-2
Evaluate -40 - (-47 + 12) - (-1 - -14).
-18
(-10 - (11 + -24)) + -7 + -4
-8
Calculate (0 - (14 + -3)) + 60 + -28.
21
Calculate -3 - (-30 - (-20 - -6)).
13
Calculate 2 + -20 + 62 + -50.
-6
Calculate (-12 - -24) + (-13 - 1) - -2.
0
Evaluate -22 - (-47 + 4 + 20).
1
What is the value of (-17 - (-5 + -16 - -15)) + 21?
10
What is the value of -10 + (-1 + -9 + 8 + -2 - 10)?
-24
-4 - (-3 + 1) - (48 - 41)
-9
What is 114 + -74 - (56 - -11)?
-27
What is the value of (4 - (-1 + 7)) + 2 - (-72 + 58)?
14
What is the value of (-5 - (-16 - -5)) + 3 + 0 - 3?
6
Calculate 15 - (0 + (-4 - 4) + 11 - 3).
15
Calculate (-44 - (-34 + 11)) + (3 - (-2 + -2)).
-14
10 + 6 + -13 - -2
5
Calculate -9 + 18 + 13 + -5 + 6.
23
Calculate -3 - -6 - (2 - (0 + -6 + -2)).
-7
What is 0 + (-6 - (45 - 29))?
-22
Calculate 5 - (8 + 0) - (-3 - (20 - 17)).
3
Evaluate -18 - -4 - (-7 + (9 - 19)).
3
What is the value of -3 + 8 - (-12 + (7 - -16))?
-6
What is (13 + -1 - 19) + 4 - (16 + 1)?
-20
What is the value of 19 + -11 + (2 + -2 - (4 + 0))?
4
What is the value of -3 + (4 - (-14 + 0))?
15
-3 + (6 - 6) + -9 + 26
14
Evaluate (1 - -10) + -2 + (57 - 17 - 15).
34
Calculate -27 - 0 - (-233 + 239).
-33
What is the value of -14 + 13 + 0 + 0?
-1
What is (2 - (-2 + 10)) + 4 + -1 - 4?
-7
What is the value of (6 - 0 - (3 - 7)) + -6 + -7?
-3
(-36 - (-7 + -7)) + 2
-20
What is 0 - (0 + (28 - 21 - (1 + 14)))?
8
-12 + (-3 - (0 - (-16 - -7 - -4)))
-20
Calculate -12 - (-8 + -8 + -9).
13
Calculate (-7 - -8) + -11 - (-7 - 1 - -2).
-4
Evaluate -13 - (31 + -24 - 24).
4
What is 2 + -17 + -7 + 26 + -13?
-9
What is the value of 10 + (21 + -10 + -7 - (2 + -6))?
18
Calculate 28 + -8 - (-20 - -54).
-14
Evaluate 36 + 12 + -11 - 13.
24
What is the value of 1 + 1 + 1 + 143 + -73 + -106?
-33
-3 + -7 + -9 + (11 - -14)
6
What is the value of (2 - 0 - (-2 + 5)) + (516 - 528)?
-13
What is the value of -11 + 0 + 12 - (12 + (2 - 6))?
-7
2 + 10 + (10 - 13) - 12
-3
What is the value of -4 - -2 - (14 - (-14 - -10 - 6))?
-26
-263 + 251 - (1 + 3 + -1 + 3)
-18
What is the value of 6 + -1 + (20 + -5 - 13)?
7
What is -145 + 116 - (-13 - 1)?
-15
Evaluate 7 - (-49 + 65 + (1 - -9)).
-19
Calculate (-6 - (26 - (10 + 3))) + -2.
-21
Calculate -20 - ((-3 - -24) + -39).
-2
Evaluate 33 - 68 - (-40 - -21).
-16
What is (39 - 0) + -2 + -10 + (-5 - -7)?
29
What is the value of -12 + (-13 - (3 + -11) - -42)?
25
Calculate 6 - (-12 + 7 - -5) - 18.
-12
What is 3 + (-4 + (7 - 13) - 8)?
-15
What is the value of 5 - (28 + -19) - 12?
-16
Calculate 36 + -7 + -42 + 36.
23
Evaluate (-27 + -5 - -14) + 49.
31
-8 - ((5 - -1) + -30 + 31 - 10)
-5
Calculate -7 - (27 - (-43 - -66)).
-11
What is 1 + 6 + -2 + -12 + (-76 - -53)?
-30
Evaluate 9 + -1 - -2 - 4.
6
What is 11 + -12 - (9 - 26)?
16
Calculate -3 - -1 - (-60 + 46 + 2 + 0).
10
Evaluate 18 + -37 + 42 - 13 - 5.
5
What is the value of -27 - 1 - (17 - 37)?
-8
Calculate -8 + 2 + -39 + 10 + 67.
32
What is 9 + 1 + -6 - 10?
-6
What is the value of -44 - (-45 + 40) - -7?
-32
What is 0 + 4 + 5 + -7 + 7?
9
(4 - 14) + 6 + 17
13
What is (27 - 18) + -1 + -14?
-6
Evaluate -9 - (0 + (-5 - -1) - (18 - 21)).
-8
Evaluate (12 + 37 - 18) + 1 + -6 + 1.
27
Evaluate 6 - (-11 + 4 + 2 + 12).
-1
Calculate 1 + -46 - (348 - 372).
-21
Calculate (57 - 69) + 5 + -1 - -24.
16
4 + (3 - 18 - 5) + 1 + 5
-10
What is the value of 0 + 2 + (5 - (-1 - -2))?
6
What is 4 - (10 - (-6 + 8 - (1 + -7)))?
2
2 - (-2 + 0 + 2 + -4 - -4)
2
Evaluate 0 + -24 + -713 + 729.
-8
Evaluate 9 - (-20 + (10 - -3)).
16
Evaluate -2 + (11 - (7 + 0 + -3)).
5
Calculate (-2 - 3) + 6 - 13.
-12
-1 + 0 + (-11 - -12) + (24 - 31)
-7
What is the value of -10 - (-5 + -1) - ((3 - 4) + -15)?
12
What is -10 - (1 + -3) - (-1 + (30 - 7))?
-30
What is -11 - -29 - (7 - -20)?
-9
-24 + (7 - 1) + 3
-15
-8 + (0 - 1) - (19 + -16)
-12
Evaluate (9 - (2 - -7)) + (-2 - -2) - -24.
24
What is the value of -5 + -29 - (9 + -31 - -17)?
-29
Evaluate -7 + 17 - (-34 + 48).
-4
-15 + (-5 - -4) - -5
-11
What is 9 + (6 - (-18 - -6 - -24)) + -39?
-36
What is the value of 35 - (4 + -11 + 19 + -7 - -6)?
24
What is the value of 14 - (-11 + 24) - (9 + 1) - -7?
-2
Evaluate 1 + -1 + -8 - (-9 + (-12 - -22)).
-9
Calculate (-15 - (-4 + -1)) + 11 - -12.
13
Evaluate (43 - 34) + (2 - 1).
10
-73 + 24 + 17 - -10
-22
-2 + 4 + (-27 - (-1 - 19))
-5
What is -5 - (-1 - -1 - (-12 - -6 - 1))?
-12
Evaluate -1 + 22 + -1 + -2 + -6.
12
Calculate -1 + 27 + -5 + (-1 - 4 - 0).
16
What is 44 - (40 + -33) - 10?
27
Calculate 0 + 0 + (22 - 25).
-3
Evaluate 3 - 4 - (-3 + 3 + -1 + 4).
-4
What is 0 - (-1 + -2) - (8 + -1 + 13)?
-17
What is the value of (7 - -11) + -20 + -22?
-24
Evaluate (7 - (-14 - -8)) + (-6 - 4).
3
Evaluate (-8 - 0) + -3 - (341 - 360).
8
What is -12 + 0 - (-12 + (3 - (4 - 16)))?
-15
What is 1 + (1 + 16 - (17 + 11 + -25))?
15
Calculate -4 + -4 + 9 + (-8 - -2) - -5.
0
8 + -1 - (-17 - 0 - (-34 - -24))
14
-36 - -44 - (-1 + 2 + 9)
-2
-13 - (-4 - (-15 + -4 - -12))
-16
Calculate 11 - (13 - -3 - 9).
4
What is -5 - ((19 - 5) + -3 + (1 - 4))?
-13
What is the value of 3 + -3 - 4 - -5 - -11 - 3?
9
What is -22 + (10 - 4 - -1)?
-15
Calculate -14 + 0 + 19 + -12.
-7
(-3 - -9) + 4 - (-5 - -11)
4
Calculate -19 - -10 - (-2 + -2).
-5
Evaluate -2 + -1 - (14 - -2 - 24).
5
(10 - -9) + (74 - 111)
-18
7 - (5 - (5 + (-3 - -1)))
5
Calculate -7 + (-7 + -13 - -9) - -9.
-9
Evaluate 43 + -16 + -14 + -2.
11
0 - (0 + -11 - (-10 + 8) - 17)
26
Evaluate (20 - 47) + (1 - 3) + 10 - 9.
-28
Calculate 4 + -31 + (-33 - -38).
-22
Evaluate -39 + 21 - (0 + -9) - (8 + -15).
-2
What is the value of -17 + 22 - 32 - -47?
20
What is 3 + (-6 + -1 + 9 - 11)?
-6
What is the value of (-3 - -31) + 11 + -29?
10
Evaluate 1 - 11 - (0 - (166 + -118)).
38
What is (-3 - 3)